-2*o + 2197, 5*k + 5455 = 5*o. Suppose 744 + o = -2*u. Let s = u - -1324. Is s composite?
False
Suppose 5*j - 318 = -4*b, -3*b - j + 359 = 115. Suppose 0 = -2*h + b + 34. Suppose -h - 82 = -4*g. Is g a composite number?
True
Let j(a) = -4*a - 21. Let r be j(-4). Is (1 + r - 0) + 82/2 composite?
False
Let c(x) = 6*x**2 - x + 1. Let n be c(1). Is (-1 + -1)*(-429)/n composite?
True
Let c(o) = o**2 - 5*o - 21. Let m be c(8). Is (-3466*m/(-12))/((-5)/(-10)) a prime number?
True
Suppose 44*j + 1331366 = 130*j. Is j prime?
False
Let m(s) = 26*s**3 - 2*s**2 - 3*s + 3. Let k be 8/5 + 4/10. Let u be m(k). Let w = u - -54. Is w a prime number?
True
Suppose w + 64 = -3*w + x, -2*w - 5*x = 54. Let l = 0 - w. Suppose 2*b - 11 = l. Is b composite?
True
Let c(b) be the second derivative of 11/2*b**2 - 3*b - 1/20*b**5 + 0 - 7/6*b**3 + 3/4*b**4. Is c(8) prime?
True
Let z = 2739 - -522. Is z a composite number?
True
Let z be (36/30)/(2/(-5)). Let q be -1*(3 + 21/z). Suppose 0 = q*j - 332 - 112. Is j composite?
True
Let v = 47393 - 30316. Is v prime?
True
Is 48180 + (1 - -1) + -3 composite?
False
Let n(c) = 61*c**2. Let f be n(-1). Let y(l) = -3 - 100*l - 129*l - f*l. Is y(-1) composite?
True
Suppose 3*p + 5*h = -2*p + 895, -5*p = 2*h - 886. Let z = -97 + p. Is z composite?
False
Let q be (-1)/3 + (-275)/(-33). Let v = 8 - q. Suppose 0 = -v*l - 5*l + 6595. Is l a prime number?
True
Suppose 3*q + 39 = 207. Is (q + -3)/((1*-3)/(-3)) a composite number?
False
Let f = 61573 - 34952. Is f a composite number?
True
Let v = 18003 - 6310. Is v a prime number?
False
Suppose x - 3*x - 54 = 0. Let b = -85 - x. Is (b/3)/(4/(-42)) a composite number?
True
Let o(j) = -45*j**3 + 4*j**2 + 8*j + 8. Let f be o(-4). Suppose -5*r - f = -7410. Is r a prime number?
False
Suppose -3756 = 20*g - 14*g. Let a = g + 957. Is a a prime number?
True
Is (337 - 6)/((-3)/(-15)) composite?
True
Let g(s) = s**2 + 30*s - 30. Is g(-47) a composite number?
False
Is (-2478975)/(-475) - 2/(-19) a composite number?
True
Let q(o) = -531*o**3 - o**2 - 2. Let s be q(-2). Let c = s - 1737. Let b = -1388 + c. Is b composite?
False
Let f(s) = 866*s - 17. Let p be f(-7). Let q = p - -8548. Is q composite?
True
Suppose -9*v + 72728 = 10223. Suppose 9*q + 2076 = v. Is q a composite number?
False
Suppose h - 2093 = 4*u, 0 = -2*h - 2*u + 3488 + 718. Is h composite?
True
Let b(t) = 35*t**2 + 14*t - 12. Let d be b(-9). Let p = d + -1520. Is p prime?
False
Let z(l) = -2*l**2 - 11*l - 3. Let a be z(-5). Let f = 17 + a. Is f a prime number?
True
Let w = -6 + 11. Let p(r) = r**2 - r + 5. Let g be p(w). Suppose 0*t - 5*v = 4*t - g, -5*v = -t + 25. Is t prime?
False
Let z(c) = 4*c**3 - 3*c**2 + 12*c - 13. Is z(8) prime?
False
Let r(a) = -a + 16. Let g be r(11). Suppose 3*t + 4*k - 5*k - 601 = 0, -g*k = -5*t + 1015. Is t a prime number?
True
Let l = 4 - -1. Suppose 5*a - l*u - 473 = 4*a, 3*u + 974 = 2*a. Is a a prime number?
False
Suppose 0 = 5*c + y - 30, 3*c - 5*y - 17 - 1 = 0. Let d = c - 2. Suppose -4 = w, -346 = -d*a - 4*w + 482. Is a composite?
False
Let o be 10*-1*12/(-15). Suppose 3*n = 3*k + 9, -2*n = -n + 4*k - o. Suppose n*x - 26 = 2*x. Is x prime?
True
Suppose -8*c + 36441 = c. Is c a prime number?
True
Let r be (-33)/(-21) + -2 - 53150/(-14). Suppose 0*m = 3*k + 2*m - r, 0 = -2*k + m + 2519. Is k composite?
True
Let u = -9555 - -16626. Is u composite?
True
Suppose 23*k - 19*k = -80. Is 789 + k/(-4 - -9) prime?
False
Suppose 0 = -3*q - 0*q. Suppose 4*o = -q*o + 680. Suppose -5*r = -z + 6*z - o, 2*z - 33 = -r. Is r a composite number?
True
Let t = 11 - 9. Suppose -t*n - 3*x + 15 = 0, -3*n + 5*x - 11 = -4*n. Suppose d = n*d - 655. Is d composite?
False
Let y(z) = -7177*z**3 - 3*z**2 - 11*z - 11. Is y(-2) a composite number?
True
Let o = -343 - -1642. Suppose 0 = 3*i - 1008 - o. Is i composite?
False
Let r(b) = 138*b**2 - 6*b + 39. Is r(6) a composite number?
True
Suppose -t + 841 = -240. Is t a composite number?
True
Let v = 582 - 1804. Is (-156)/18 + 8 - v/6 composite?
True
Is 14980 - 4 - (2 - (-3)/1) a composite number?
True
Let f(a) = a**3 + 12*a**2 + 11*a + 11. Let d be f(-11). Suppose 0 = 5*i - 19 - d. Suppose -i*l + 337 = -5*l. Is l a composite number?
False
Let q(s) = 7*s**2 + 6*s + 1. Let v be q(5). Let p(f) = 11*f**3 + 2*f**2 + 3*f - 3. Let j be p(3). Let g = j - v. Is g a composite number?
True
Suppose 0 = 5*f + 1 - 21. Suppose -4*b - 4*p = -8, 4*b - 2*b - f = 2*p. Suppose -b*y - 327 = -5*y. Is y a prime number?
True
Let c be ((-4)/5)/(((-112)/18520)/7). Let y = c - -651. Is y prime?
False
Let s(h) = 15*h**2 - 5*h + 14. Let z be s(6). Let l = -195 + z. Is l composite?
True
Let a(p) = -40*p - 53. Let v(z) = -2*z - 53. Let y be v(-16). Is a(y) composite?
False
Suppose 5*k = k + 5*v + 76, -2*k = 5*v - 68. Let a be (-2)/(-6) + (-8528)/k. Let q = 546 + a. Is q composite?
False
Let g be (574/21)/((-2)/(-9)). Let z = -256 - g. Is (-2 - -2)/(-4) - z a composite number?
False
Let q = -615 - -308. Let r = q - -570. Is r prime?
True
Let i(h) = 707*h**2 - 13*h - 23. Is i(-2) prime?
False
Let y(i) = -3*i**3 - i**2 + 3*i + 4. Let m(o) = 4*o**3 + 2*o**2 - 3*o - 5. Let w(c) = -4*m(c) - 5*y(c). Let s be w(-2). Is 180 + s - (-2 + -1) a prime number?
False
Let n be (-51718)/12 + (-6)/36. Let s = n - -7490. Suppose -v = z + 3*v - 661, 5*v = 5*z - s. Is z a composite number?
False
Let m(g) = 131*g**2 - 5*g - 5. Is m(-8) prime?
True
Suppose -11*i - 4*i = -134115. Is i prime?
True
Suppose -352135 = -3*x - 32*x. Is x a prime number?
True
Suppose 2*j + 330 = -3*j. Let l = -15 - j. Suppose 40 = f - l. Is f a prime number?
False
Suppose -v = -3 + 15. Let x be v/20 - (-1258)/5. Suppose x = 3*h + 4*a + a, -77 = -h - 5*a. Is h prime?
False
Suppose -4*d + 347 = 15*a - 12*a, -2*d + 2*a = -170. Is d a prime number?
False
Let h(k) = 667*k - 95. Is h(12) a prime number?
False
Suppose -2*q + 10 = 3*q. Suppose 6 = q*z + 2. Suppose 0 = z*b - 6*b + 316. Is b prime?
True
Let h = -73556 + 134083. Is h composite?
False
Suppose 0 = 10*n - 28765 - 59185. Is n composite?
True
Suppose -f - 76 = -71. Is (-398)/f + 3/(-5) prime?
True
Let i = 20 + -20. Suppose -3*s + 765 - 12 = i. Is s a prime number?
True
Suppose -18*j + 23*j = 38035. Is j prime?
True
Suppose 0 = 2*b + 3*b. Suppose i + b*i - 148 = l, 3*i = -l + 460. Suppose -228 - i = -4*u. Is u a composite number?
True
Let w = -2193 + 6520. Is w prime?
True
Suppose 12 = 3*w, 0 = -5*t + 4*w + 3492 - 1313. Is t composite?
False
Let n(y) be the second derivative of -15*y**3/2 - 17*y**2/2 - 13*y. Is n(-4) prime?
True
Suppose 6 = 4*g + 2. Is g/(-3) + 2284/3 composite?
False
Let h(c) = -10*c**3 + 2*c**2 + 3*c. Let i be h(-3). Suppose 3*j - i - 477 = 0. Suppose l - 13 = j. Is l composite?
True
Let p be (-2)/(-7) - 24/(-14). Suppose 0*v = -v + p*h + 159, -477 = -3*v - h. Is v a prime number?
False
Let n = 193 - 74. Let i = n + 216. Is i composite?
True
Suppose -11*l - 71408 = -12*l - w, 5*l = -4*w + 357043. Is l a composite number?
False
Let c(k) = -k**2 - k - 1. Let r be c(-1). Is ((-2676)/2)/(2/(-2) + r) a prime number?
False
Suppose -5420 = -5*j - 0*j. Suppose -2*g + 2*f - 1014 = 0, 2024 = -g - 3*g + 3*f. Let h = j + g. Is h composite?
True
Let a(d) = 30*d - 2. Let l be a(10). Suppose -3*o + l = -o. Is o composite?
False
Let j = -43745 + 89082. Is j a prime number?
True
Suppose 13*l = 22*l - 133281. Is l a prime number?
False
Suppose -5*s + 5*d = -385, -211 = -6*s + 3*s - d. Suppose 4*u - 24 = s. Let a = 45 - u. Is a composite?
True
Suppose 8000 = 2*c + 2*s, c - 15999 = -3*c - 3*s. Suppose 0 = -4*l + 2117 + c. Is l composite?
True
Suppose 0 = -5*i + 20, -18 = -4*d + d - 3*i. Suppose u - d*u - 217 = -2*v, 0 = 4*v + 5*u - 441. Is v a composite number?
False
Suppose -36*i - 46*i + 2087638 = 0. Is i a composite number?
True
Is 30/(-8)*(6190/(-30) - 11) a prime number?
False
Suppose -2*i + o + 14588 = i, -2*i - 3*o + 9707 = 0. Is i a composite number?
False
Let u be (-15328)/(-24) + (-2)/(-6). Let d = -265 + u. Suppose 431 = 5*j - d. Is j a composite number?
True
Suppose 3*j - 18802 = -n + 6*n, -n = 2*j - 12539. Let v = j - 2610. Is v composite?
False
Let n(i) be the third derivative of i**6/40 + i**5/60 - i**4/6 + i**3 + 7*i**2. Is n(8) a composite number?
True
Suppose 22*i = 50979 + 625059. Is i a compo